[INFO] cloning repository https://github.com/dannyfritz/specs-bvh
[INFO] running `Command { std: "git" "-c" "credential.helper=" "-c" "credential.helper=/workspace/cargo-home/bin/git-credential-null" "clone" "--bare" "https://github.com/dannyfritz/specs-bvh" "/workspace/cache/git-repos/https%3A%2F%2Fgithub.com%2Fdannyfritz%2Fspecs-bvh", kill_on_drop: false }`
[INFO] [stderr] Cloning into bare repository '/workspace/cache/git-repos/https%3A%2F%2Fgithub.com%2Fdannyfritz%2Fspecs-bvh'...
[INFO] running `Command { std: "git" "rev-parse" "HEAD", kill_on_drop: false }`
[INFO] [stdout] 67ecfeba9e524ae5d82135762bc65cda04cea1b4
[INFO] checking dannyfritz/specs-bvh against master#af3c6e733a40e671550e0f0f5aeecaa13772ba56 for pr-74989
[INFO] running `Command { std: "git" "clone" "/workspace/cache/git-repos/https%3A%2F%2Fgithub.com%2Fdannyfritz%2Fspecs-bvh" "/workspace/builds/worker-11/source", kill_on_drop: false }`
[INFO] [stderr] Cloning into '/workspace/builds/worker-11/source'...
[INFO] [stderr] done.
[INFO] validating manifest of git repo https://github.com/dannyfritz/specs-bvh on toolchain af3c6e733a40e671550e0f0f5aeecaa13772ba56
[INFO] running `Command { std: "/workspace/cargo-home/bin/cargo" "+af3c6e733a40e671550e0f0f5aeecaa13772ba56" "read-manifest" "--manifest-path" "Cargo.toml", kill_on_drop: false }`
[INFO] started tweaking git repo https://github.com/dannyfritz/specs-bvh
[INFO] finished tweaking git repo https://github.com/dannyfritz/specs-bvh
[INFO] tweaked toml for git repo https://github.com/dannyfritz/specs-bvh written to /workspace/builds/worker-11/source/Cargo.toml
[INFO] crate git repo https://github.com/dannyfritz/specs-bvh already has a lockfile, it will not be regenerated
[INFO] running `Command { std: "/workspace/cargo-home/bin/cargo" "+af3c6e733a40e671550e0f0f5aeecaa13772ba56" "fetch" "--locked" "--manifest-path" "Cargo.toml", kill_on_drop: false }`
[INFO] [stderr]     Blocking waiting for file lock on package cache
[INFO] [stderr]     Blocking waiting for file lock on package cache
[INFO] running `Command { std: "docker" "create" "-v" "/var/lib/crater-agent-workspace/builds/worker-11/target:/opt/rustwide/target:rw,Z" "-v" "/var/lib/crater-agent-workspace/builds/worker-11/source:/opt/rustwide/workdir:ro,Z" "-v" "/var/lib/crater-agent-workspace/cargo-home:/opt/rustwide/cargo-home:ro,Z" "-v" "/var/lib/crater-agent-workspace/rustup-home:/opt/rustwide/rustup-home:ro,Z" "-e" "SOURCE_DIR=/opt/rustwide/workdir" "-e" "CARGO_TARGET_DIR=/opt/rustwide/target" "-e" "CARGO_HOME=/opt/rustwide/cargo-home" "-e" "RUSTUP_HOME=/opt/rustwide/rustup-home" "-w" "/opt/rustwide/workdir" "-m" "1610612736" "--user" "0:0" "--network" "none" "rustops/crates-build-env@sha256:d92eaeed33fa75130ca1ee6c8a01d1ffb62bac859dfdfb3450e3e5d1c0146529" "/opt/rustwide/cargo-home/bin/cargo" "+af3c6e733a40e671550e0f0f5aeecaa13772ba56" "metadata" "--no-deps" "--format-version=1", kill_on_drop: false }`
[INFO] [stdout] 1d3ac7c3183217bc2d9a5dadc324da41d69f5badd2fa0b2b1a5dd547108019e4
[INFO] [stderr] WARNING: Your kernel does not support swap limit capabilities or the cgroup is not mounted. Memory limited without swap.
[INFO] running `Command { std: "docker" "start" "-a" "1d3ac7c3183217bc2d9a5dadc324da41d69f5badd2fa0b2b1a5dd547108019e4", kill_on_drop: false }`
[INFO] running `Command { std: "docker" "inspect" "1d3ac7c3183217bc2d9a5dadc324da41d69f5badd2fa0b2b1a5dd547108019e4", kill_on_drop: false }`
[INFO] running `Command { std: "docker" "rm" "-f" "1d3ac7c3183217bc2d9a5dadc324da41d69f5badd2fa0b2b1a5dd547108019e4", kill_on_drop: false }`
[INFO] [stdout] 1d3ac7c3183217bc2d9a5dadc324da41d69f5badd2fa0b2b1a5dd547108019e4
[INFO] running `Command { std: "docker" "create" "-v" "/var/lib/crater-agent-workspace/builds/worker-11/target:/opt/rustwide/target:rw,Z" "-v" "/var/lib/crater-agent-workspace/builds/worker-11/source:/opt/rustwide/workdir:ro,Z" "-v" "/var/lib/crater-agent-workspace/cargo-home:/opt/rustwide/cargo-home:ro,Z" "-v" "/var/lib/crater-agent-workspace/rustup-home:/opt/rustwide/rustup-home:ro,Z" "-e" "SOURCE_DIR=/opt/rustwide/workdir" "-e" "CARGO_TARGET_DIR=/opt/rustwide/target" "-e" "CARGO_INCREMENTAL=0" "-e" "RUST_BACKTRACE=full" "-e" "RUSTFLAGS=--cap-lints=forbid" "-e" "CARGO_HOME=/opt/rustwide/cargo-home" "-e" "RUSTUP_HOME=/opt/rustwide/rustup-home" "-w" "/opt/rustwide/workdir" "-m" "1610612736" "--user" "0:0" "--network" "none" "rustops/crates-build-env@sha256:d92eaeed33fa75130ca1ee6c8a01d1ffb62bac859dfdfb3450e3e5d1c0146529" "/opt/rustwide/cargo-home/bin/cargo" "+af3c6e733a40e671550e0f0f5aeecaa13772ba56" "check" "--frozen" "--all" "--all-targets" "--message-format=json", kill_on_drop: false }`
[INFO] [stdout] 093d157097976f1afffebccc498064665626d65a1ed8861a6e771b88568336b5
[INFO] [stderr] WARNING: Your kernel does not support swap limit capabilities or the cgroup is not mounted. Memory limited without swap.
[INFO] running `Command { std: "docker" "start" "-a" "093d157097976f1afffebccc498064665626d65a1ed8861a6e771b88568336b5", kill_on_drop: false }`
[INFO] [stderr]    Compiling num-integer v0.1.39
[INFO] [stderr]    Compiling bitflags v1.0.4
[INFO] [stderr]    Compiling matrixmultiply v0.1.15
[INFO] [stderr]     Checking linked-hash-map v0.5.1
[INFO] [stderr]     Checking bitflags v0.7.0
[INFO] [stderr]     Checking xi-unicode v0.1.0
[INFO] [stderr]     Checking atom v0.3.5
[INFO] [stderr]     Checking xdg v2.1.0
[INFO] [stderr]     Checking mopa v0.2.2
[INFO] [stderr]     Checking tuple_utils v0.2.0
[INFO] [stderr]     Checking nonzero_signed v1.0.2
[INFO] [stderr]     Checking arrayvec v0.4.7
[INFO] [stderr]     Checking crossbeam-utils v0.6.0
[INFO] [stderr]     Checking draw_state v0.8.0
[INFO] [stderr]    Compiling alsa-sys v0.1.2
[INFO] [stderr]     Checking ogg v0.4.1
[INFO] [stderr]     Checking jpeg-decoder v0.1.15
[INFO] [stderr]     Checking fxhash v0.2.1
[INFO] [stderr]    Compiling log v0.4.6
[INFO] [stderr]    Compiling sdl2-sys v0.31.0
[INFO] [stderr]     Checking deflate v0.7.19
[INFO] [stderr]     Checking inflate v0.4.3
[INFO] [stderr]    Compiling proc-macro2 v0.4.21
[INFO] [stderr]     Checking smallvec v0.6.5
[INFO] [stderr]     Checking lock_api v0.1.4
[INFO] [stderr]    Compiling xml-rs v0.7.0
[INFO] [stderr]     Checking app_dirs2 v2.0.3
[INFO] [stderr]     Checking num-complex v0.1.43
[INFO] [stderr]     Checking lewton v0.5.2
[INFO] [stderr]    Compiling parking_lot_core v0.3.1
[INFO] [stderr]     Checking generic-array v0.8.3
[INFO] [stderr]     Checking twox-hash v1.1.1
[INFO] [stderr]     Checking bzip2-sys v0.1.6
[INFO] [stderr]     Checking toml v0.4.8
[INFO] [stderr]    Compiling smart-default v0.2.0
[INFO] [stderr]     Checking euclid v0.17.3
[INFO] [stderr]     Checking ordered-float v0.5.2
[INFO] [stderr]     Checking crossbeam-epoch v0.3.1
[INFO] [stderr]     Checking crossbeam-epoch v0.5.2
[INFO] [stderr]     Checking crossbeam-epoch v0.6.1
[INFO] [stderr]     Checking parking_lot_core v0.2.14
[INFO] [stderr]     Checking bzip2 v0.3.3
[INFO] [stderr]     Checking rusttype v0.5.2
[INFO] [stderr]    Compiling quote v0.6.10
[INFO] [stderr]     Checking nalgebra v0.16.10
[INFO] [stderr]     Checking alga v0.5.4
[INFO] [stderr]     Checking crossbeam-deque v0.2.0
[INFO] [stderr]     Checking zip v0.3.3
[INFO] [stderr]     Checking crossbeam-deque v0.5.2
[INFO] [stderr]     Checking parking_lot v0.5.5
[INFO] [stderr]     Checking cpal v0.8.2
[INFO] [stderr]    Compiling gl_generator v0.9.0
[INFO] [stderr]     Checking num-iter v0.1.37
[INFO] [stderr]     Checking num-rational v0.1.42
[INFO] [stderr]    Compiling syn v0.15.19
[INFO] [stderr]     Checking rayon-core v1.4.1
[INFO] [stderr]     Checking parking_lot v0.6.4
[INFO] [stderr]     Checking lyon_geom v0.10.1
[INFO] [stderr]     Checking num v0.1.42
[INFO] [stderr]     Checking png v0.12.0
[INFO] [stderr]     Checking rodio v0.7.0
[INFO] [stderr]     Checking crossbeam-channel v0.2.6
[INFO] [stderr]     Checking rayon v1.0.3
[INFO] [stderr]     Checking sdl2 v0.31.0
[INFO] [stderr]     Checking lyon_path v0.10.1
[INFO] [stderr]     Checking nalgebra v0.14.4
[INFO] [stderr]    Compiling gfx_gl v0.5.0
[INFO] [stderr]     Checking lyon_tessellation v0.10.2
[INFO] [stderr]     Checking crossbeam v0.4.1
[INFO] [stderr]     Checking lyon v0.10.2
[INFO] [stdout] error[E0592]: duplicate definitions with name `new`
[INFO] [stdout]    --> /opt/rustwide/cargo-home/registry/src/github.com-1ecc6299db9ec823/nalgebra-0.14.4/src/core/construction.rs:510:13
[INFO] [stdout]     |
[INFO] [stdout] 510 |               pub fn new($($args: N),*) -> Self {
[INFO] [stdout]     |               ^^^^^^^^^^^^^^^^^^^^^^^^^^^^^^^^^ duplicate definitions for `new`
[INFO] [stdout] ...
[INFO] [stdout] 522 | / componentwise_constructors_impl!(
[INFO] [stdout] 523 | |     /*
[INFO] [stdout] 524 | |      * Square matrices 1 .. 6.
[INFO] [stdout] 525 | |      */
[INFO] [stdout] ...   |
[INFO] [stdout] 664 | |     U6, U1, x:(0,0), y:(1,0), z:(2,0), w:(3,0), a:(4,0), b:(5,0);
[INFO] [stdout] 665 | | );
[INFO] [stdout]     | |__- in this macro invocation
[INFO] [stdout]     | 
[INFO] [stdout]    ::: /opt/rustwide/cargo-home/registry/src/github.com-1ecc6299db9ec823/nalgebra-0.14.4/src/core/construction_slice_deprecated.rs:171:13
[INFO] [stdout]     |
[INFO] [stdout] 171 |               pub fn new(data: &'a [N], $($args: usize),*) -> Self {
[INFO] [stdout]     |               ---------------------------------------------------- other definition for `new`
[INFO] [stdout]     |
[INFO] [stdout]     = note: this error originates in a macro (in Nightly builds, run with -Z macro-backtrace for more info)
[INFO] [stdout] 
[INFO] [stdout] 
[INFO] [stdout] error[E0592]: duplicate definitions with name `new`
[INFO] [stdout]    --> /opt/rustwide/cargo-home/registry/src/github.com-1ecc6299db9ec823/nalgebra-0.14.4/src/core/construction.rs:510:13
[INFO] [stdout]     |
[INFO] [stdout] 510 |               pub fn new($($args: N),*) -> Self {
[INFO] [stdout]     |               ^^^^^^^^^^^^^^^^^^^^^^^^^^^^^^^^^ duplicate definitions for `new`
[INFO] [stdout] ...
[INFO] [stdout] 522 | / componentwise_constructors_impl!(
[INFO] [stdout] 523 | |     /*
[INFO] [stdout] 524 | |      * Square matrices 1 .. 6.
[INFO] [stdout] 525 | |      */
[INFO] [stdout] ...   |
[INFO] [stdout] 664 | |     U6, U1, x:(0,0), y:(1,0), z:(2,0), w:(3,0), a:(4,0), b:(5,0);
[INFO] [stdout] 665 | | );
[INFO] [stdout]     | |__- in this macro invocation
[INFO] [stdout]     | 
[INFO] [stdout]    ::: /opt/rustwide/cargo-home/registry/src/github.com-1ecc6299db9ec823/nalgebra-0.14.4/src/core/construction_slice_deprecated.rs:232:13
[INFO] [stdout]     |
[INFO] [stdout] 232 |               pub fn new(data: &'a mut [N], $($args: usize),*) -> Self {
[INFO] [stdout]     |               -------------------------------------------------------- other definition for `new`
[INFO] [stdout]     |
[INFO] [stdout]     = note: this error originates in a macro (in Nightly builds, run with -Z macro-backtrace for more info)
[INFO] [stdout] 
[INFO] [stdout] 
[INFO] [stdout] error: aborting due to 2 previous errors
[INFO] [stdout] 
[INFO] [stdout] 
[INFO] [stdout] For more information about this error, try `rustc --explain E0592`.
[INFO] [stdout] 
[INFO] [stderr] error: could not compile `nalgebra`.
[INFO] [stderr] 
[INFO] [stderr] To learn more, run the command again with --verbose.
[INFO] [stderr] warning: build failed, waiting for other jobs to finish...
[INFO] [stdout] error[E0502]: cannot borrow `*self` as immutable because it is also borrowed as mutable
[INFO] [stdout]    --> /opt/rustwide/cargo-home/registry/src/github.com-1ecc6299db9ec823/nalgebra-0.16.10/src/base/cg.rs:291:44
[INFO] [stdout]     |
[INFO] [stdout] 291 |                 self[(j, i)] += shift[j] * self[(D::dim() - 1, i)];
[INFO] [stdout]     |                 ---------------------------^^^^-------------------
[INFO] [stdout]     |                 |                          |
[INFO] [stdout]     |                 |                          immutable borrow occurs here
[INFO] [stdout]     |                 mutable borrow occurs here
[INFO] [stdout]     |                 mutable borrow later used here
[INFO] [stdout] 
[INFO] [stdout] 
[INFO] [stdout] error: aborting due to previous error
[INFO] [stdout] 
[INFO] [stdout] 
[INFO] [stdout] For more information about this error, try `rustc --explain E0502`.
[INFO] [stdout] 
[INFO] [stderr] error: build failed
[INFO] running `Command { std: "docker" "inspect" "093d157097976f1afffebccc498064665626d65a1ed8861a6e771b88568336b5", kill_on_drop: false }`
[INFO] running `Command { std: "docker" "rm" "-f" "093d157097976f1afffebccc498064665626d65a1ed8861a6e771b88568336b5", kill_on_drop: false }`
[INFO] [stdout] 093d157097976f1afffebccc498064665626d65a1ed8861a6e771b88568336b5
